0122101
In base 6, what is 151 + -4453?
-4302
In base 8, what is 5643774 - 2?
5643772
In base 4, what is 20003013133 + -11?
20003013122
In base 13, what is -3c86 + -c?
-3c95
In base 11, what is -121a - 53?
-1272
In base 16, what is -401e38 - -3?
-401e35
In base 3, what is -112 + 111112000102?
111111222220
In base 3, what is 11000022 - -22100?
11022122
In base 7, what is -14526 - 124?
-14653
In base 2, what is -101 - 10100101000101?
-10100101001010
In base 3, what is -2122210122100 - 0?
-2122210122100
In base 5, what is 3 + 21010310?
21010313
In base 11, what is 2 + -62a21?
-62a1a
In base 13, what is 5 + -34140?
-34138
In base 4, what is 1 - -3023022?
3023023
In base 4, what is 1000 + 133011?
200011
In base 6, what is -415 - 4034?
-4453
In base 4, what is 12000 - -1003?
13003
In base 9, what is -21 + 3172?
3151
In base 4, what is -223 + 103302?
103013
In base 15, what is 121 - 5b?
b5
In base 5, what is 2140301 + 14?
2140320
In base 16, what is -e - 32b0?
-32be
In base 12, what is -54890 - -2?
-5488a
In base 15, what is a826 - 6?
a820
In base 6, what is 23330 + 1?
23331
In base 15, what is -3 + -132?
-135
In base 3, what is 111120120 - 11?
111120102
In base 6, what is 312403 + -3?
312400
In base 8, what is -657 - -117?
-540
In base 10, what is 23 + 259?
282
In base 5, what is 1132134 - 1?
1132133
In base 4, what is 13112003 - -320?
13112323
In base 9, what is 682666 - -4?
682671
In base 15, what is -a4ba + -40?
-a50a
In base 15, what is -1ba - 15?
-1d0
In base 13, what is 19 + -734?
-718
In base 7, what is 3 - -12130?
12133
In base 13, what is 6 + -2460c?
-24606
In base 3, what is -2201000 + -10110020?
-20011020
In base 14, what is 2 - 3d7c?
-3d7a
In base 5, what is -124023 - 11?
-124034
In base 15, what is 587 + -15?
572
In base 8, what is 5471 - 46?
5423
In base 16, what is -12f6 + -4?
-12fa
In base 11, what is -56442 - -2?
-56440
In base 13, what is 0 - 13ca2?
-13ca2
In base 5, what is 12 - 4130?
-4113
In base 4, what is -2 - 331320323?
-331320331
In base 8, what is 4 - -704532?
704536
In base 9, what is -66751 + -7?
-66758
In base 2, what is 1101001 - -1101100?
11010101
In base 10, what is -25489 + 5?
-25484
In base 5, what is 444 - -1432?
2431
In base 16, what is -55 - -9db?
986
In base 4, what is 11 + 12010223?
12010300
In base 2, what is -11000000010101101 - -1000?
-11000000010100101
In base 13, what is -35b4 - -a?
-35a7
In base 16, what is -71207 + 2?
-71205
In base 11, what is 70428 + 38?
70465
In base 10, what is -1060953 + 4?
-1060949
In base 5, what is -22442 - -131?
-22311
In base 5, what is 3 - -10?
13
In base 14, what is 1897 + 21d?
1ab6
In base 2, what is -11011001101101 - -1001?
-11011001100100
In base 3, what is 2201010111100 - 0?
2201010111100
In base 2, what is -11100 + 10000101000100?
10000100101000
In base 14, what is 1 - -5699?
569a
In base 15, what is 21 - 17a6?
-1785
In base 10, what is 1346 - 8?
1338
In base 13, what is 5 + 2656?
265b
In base 13, what is 30c + -3?
309
In base 5, what is 1430121 - 4?
1430112
In base 10, what is -15 - 174?
-189
In base 16, what is -20341 + 2?
-2033f
In base 5, what is 110201 + -23?
110123
In base 3, what is 20001201 - -1?
20001202
In base 2, what is 1010111100101000 - 1110?
1010111100011010
In base 6, what is 1205311 + 3?
1205314
In base 10, what is 317 - -1285?
1602
In base 16, what is 1 - 4494?
-4493
In base 10, what is 764 + -800?
-36
In base 3, what is 2222 + 110122112?
110202111
In base 14, what is -60 + 325?
2a5
In base 15, what is -1d - -2b35?
2b17
In base 4, what is 1322131 + 1013?
1323210
In base 4, what is -312211 - -20?
-312131
In base 6, what is -1 + 133232?
133231
In base 6, what is 140 - -12?
152
In base 16, what is -26b8 - 2?
-26ba
In base 9, what is -88 - 4367?
-4466
In base 11, what is 315 + -706?
-3a1
In base 13, what is 4 + 2158?
215c
In base 4, what is 313112 + -121?
312331
In base 10, what is 20 + -1325?
-1305
In base 12, what is 19aa + 169?
1b57
In base 4, what is 230 + 1131?
2021
In base 4, what is -121 - -3321233?
3321112
In base 11, what is -1591a4 - 3?
-1591a7
In base 10, what is 40 + -2458?
-2418
In base 3, what is -122 + -10112?
-11011
In base 12, what is 107a - -1369?
2427
In base 9, what is 4 - 538816?
-538812
In base 13, what is 160 - 46a?
-30a
In base 10, what is -123978 - -10?
-123968
In base 14, what is 12b83 + 2?
12b85
In base 9, what is 5 + -38202?
-38186
In base 3, what is 2122221100 + 2?
2122221102
In base 12, what is -14018 + -19?
-14035
In base 16, what is 6 + c?
12
In base 4, what is -13213 + 33032?
13213
In base 10, what is -15381 - -12?
-15369
In base 10, what is -57 - -1935?
1878
In base 4, what is -10302123231 - 11?
-10302123302
In base 7, what is -1101234 + -6?
-1101243
In base 5, what is 4 - 13021?
-13012
In base 4, what is 103 - 12321011?
-12320302
In base 6, what is -1435114 + -4?
-1435122
In base 12, what is 13452 - 52?
13400
In base 2, what is -11111010010 + -11110010?
-100011000100
In base 11, what is -10 - -1257?
1247
In base 5, what is 2 - -11020241?
11020243
In base 14, what is 65012 - 1?
65011
In base 14, what is -51 - 492?
-503
In base 15, what is 13 + -e?
4
In base 5, what is -20131 - -42?
-20034
In base 2, what is -1111111001 - 100011010?
-10100010011
In base 2, what is -101000011010100001 + -11?
-101000011010100100
In base 10, what is 9986 - 26?
9960
In base 2, what is -1 + -1010111011100101101?
-1010111011100101110
In base 13, what is -13 - -b401c?
b4009
In base 2, what is -11001110010111110 - -10101?
-11001110010101001
In base 4, what is 10210 - -221?
11031
In base 4, what is -101023 + 301?
-100122
In base 6, what is 152 - -4504?
5100
In base 15, what is -18dd68 + -4?
-18dd6c
In base 15, what is -6ed - 43?
-741
In base 13, what is -15 - -3549?
3534
In base 12, what is 0 + 183a?
183a
In base 6, what is 10 - -2543251?
2543301
In base 7, what is -1 - 54566?
-54600
In base 12, what is 88b - -2b?
8ba
In base 15, what is 3a + 1007c?
100b7
In base 6, what is 5220 - -13322?
22542
In base 11, what is 9aa + 42a3?
51a2
In base 10, what is 436 - -282?
718
In base 8, what is 13 - -153735?
153750
In base 6, what is 3125 - -10545?
14114
In base 14, what is 23 + 210?
233
In base 2, what is -11101011010110000 - 100?
-11101011010110100
In base 11, what is 37137 + -1?
37136
In base 11, what is 96 - 111?
-26
In base 15, what is -44c6 - -1a9?
-431c
In base 2, what is -100 + 10010110000010?
10010101111110
In base 8, what is 70 + -1122?
-1032
In base 11, what is -92 + -231a?
-2401
In base 10, what is 3 + -17406?
-17403
In base 9, what is 17 + -32765?
-32747
In base 9, what is -74 - 10664?
-10748
In base 14, what is 2a0 + -2?
29c
In base 15, what is -be - -beb?
b2c
In base 15, what is -464 + -238?
-69c
In base 5, what is -3102 + 22?
-3030
In base 10, what is 3 + -14426?
-14423
In base 7, what is -545635 - 3?
-545641
In base 9, what is -5730 - 4?
-5734
In base 5, what is 1133 - -10204?
11342
In base 11, what is a76 + -433?
643
In base 14, what is -16 + 1413?
13db
In base 3, what is -2011101011 - -100?
-2011100211
In base 6, what is 3 - -145454?
145501
In base 4, what is 213 + 100122?
101001
In base 2, what is -111111000010 + 111010?
-111110001000
In base 13, what is 59 - -a?
66
In base 6, what is -342 + -3510?
-4252
In base 4, what is -210 + 22010?
21200
In base 8, what is -54 + 3125?
3051
In base 13, what is -28c9 - 11?
-290a
In base 12, what is 1 - -476?
477
In base 4, what is 3200222221 + -1?
3200222220
In base 14, what is 1089a9 + 2?
1089ab
In base 11, what is 153 + a6?
249
In base 3, what is -20212120 - -11?
-20212102
In base 6, what is 131 - -545?
1120
In base 9, what is -626 + -1?
-627
In base 16, what is -15f01 - 2?
-15f03
In base 14, what is 2 + -184?
-182
In base 5, what is 10 + 2414140?
2414200
In base 9, what is -2 + 17382?
17380
In base 5, what is -122303440 - -1?
-122303434
In base 11, what is -7 + -80927?
-80933
In base 13, what is 41950 - 7?
41946
In base 16, what is 831fa - 0?
831fa
In base 6, what is 451525 + -12?
451513
In base 9, what is -87357 + -21?
-87378
In base 11, what is -9247a - 4?
-92483
In base 12, what is 13 - 59a0?
-5989
In base 13, what is 9 - 26b69?
-26b60
In base 14, what is 2a560 + 15?
2a575
In base 2, what is -11101 + 1010111011110?
1010111000001
In base 9, what is 1754402 + 1?
1754403
In base 14, what is 4 + 4